9 (base 15) in base 10?
-16689
Convert -5caa (base 15) to base 12.
-b507
Convert 394 (base 10) to base 3.
112121
2666 (base 12) to base 7
15552
Convert -28120 (base 12) to base 3.
-2211002020
What is 363 (base 10) in base 3?
111110
Convert 9838 (base 14) to base 6.
321454
Convert -2424 (base 14) to base 16.
-18a0
Convert 1086d (base 14) to base 13.
15322
16aa3 (base 14) to base 3
2220011111
What is -503 (base 11) in base 2?
-1001100000
Convert -11101111100 (base 2) to base 4.
-131330
Convert -3032 (base 8) to base 9.
-2125
-3131 (base 4) to base 7
-434
What is -123 (base 7) in base 10?
-66
What is 11203 (base 6) in base 15?
70c
What is 1046 (base 14) in base 4?
223312
Convert 7600 (base 11) to base 9.
14688
Convert 205022 (base 6) to base 8.
40406
Convert -200120 (base 3) to base 10.
-501
Convert -5535 (base 6) to base 3.
-1202112
Convert 20330 (base 5) to base 11.
1009
What is 752 (base 16) in base 10?
1874
Convert 25b4 (base 14) to base 13.
3029
Convert -2304 (base 6) to base 11.
-455
Convert -558 (base 11) to base 12.
-478
Convert -124230 (base 5) to base 16.
-134c
652 (base 9) to base 3
201202
-360 (base 11) to base 14
-229
504243 (base 6) to base 7
224106
11055 (base 7) to base 8
5340
-32 (base 13) to base 8
-51
What is -30310 (base 4) in base 13?
-4b1
What is -9c9 (base 15) in base 13?
-1014
What is 202 (base 4) in base 10?
34
What is -33000 (base 4) in base 6?
-4240
What is -328 (base 10) in base 15?
-16d
-1712 (base 13) to base 14
-1347
-154 (base 8) to base 2
-1101100
What is -112111022 (base 3) in base 14?
-3bc9
What is -2e73 (base 16) in base 3?
-121022102
Convert -14345 (base 9) to base 14.
-37b3
What is -210211200 (base 3) in base 16?
-3e31
-690 (base 14) to base 10
-1302
12857 (base 10) to base 12
7535
-32b (base 12) to base 2
-111010011
-11100111101 (base 2) to base 3
-2112122
What is -4041 (base 6) in base 16?
-379
Convert 7313 (base 13) to base 3.
210210222
What is 101111 (base 2) in base 4?
233
6482 (base 13) to base 10
13964
771 (base 10) to base 6
3323
-2589 (base 14) to base 3
-100001001
183 (base 14) to base 5
2221
What is 1343 (base 7) in base 14?
293
What is -7bbb (base 14) in base 10?
-21529
6cc (base 14) to base 8
2514
Convert 1399 (base 14) to base 15.
1062
101111111 (base 3) to base 8
16746
-1414 (base 6) to base 4
-11302
Convert 1120021 (base 3) to base 13.
69a
What is 160 (base 13) in base 15?
117
-542 (base 8) to base 11
-2a2
54a (base 12) to base 6
3334
-22a (base 14) to base 2
-110101110
What is 7526 (base 9) in base 14?
2032
What is 120 (base 10) in base 2?
1111000
-10100100 (base 2) to base 14
-ba
Convert -122401 (base 5) to base 3.
-20111001
Convert -7a9 (base 11) to base 10.
-966
Convert 2005 (base 9) to base 4.
112313
Convert 4d0 (base 15) to base 14.
583
260 (base 9) to base 8
330
Convert 103213 (base 4) to base 15.
58a
Convert -160263 (base 7) to base 13.
-11370
-118c (base 14) to base 16
-bf8
-32453 (base 6) to base 5
-120442
What is 1101201210 (base 3) in base 11?
19737
Convert -25c (base 13) to base 2.
-110011111
What is 1210011 (base 3) in base 15?
5ba
What is -1001010000010 (base 2) in base 3?
-20111111
What is 1650 (base 9) in base 8?
2354
What is -2409 (base 10) in base 13?
-1134
8734 (base 10) to base 6
104234
-21211020 (base 3) to base 14
-2115
Convert -11c40 (base 13) to base 9.
-50036
2540 (base 6) to base 9
776
588 (base 10) to base 3
210210
Convert -35bc (base 16) to base 14.
-5028
Convert 2542 (base 7) to base 4.
33001
cb6c (base 14) to base 8
104554
What is 1100011 (base 2) in base 11?
90
Convert -1101000011101 (base 2) to base 5.
-203220
Convert -20ba (base 14) to base 6.
-42100
Convert 1b3 (base 12) to base 4.
10113
-132011 (base 4) to base 9
-2568
What is 1042 (base 12) in base 16?
6f2
Convert 2af (base 16) to base 2.
1010101111
-6524 (base 7) to base 16
-911
What is -4b3 (base 15) in base 7?
-3054
What is -1011001010 (base 2) in base 5?
-10324
What is -2442 (base 10) in base 12?
-14b6
Convert 120200 (base 3) to base 4.
12213
Convert -3453 (base 9) to base 7.
-10314
-6b0 (base 13) to base 5
-14112
What is 1103 (base 8) in base 11?
487
303331 (base 5) to base 7
40456
What is -cd (base 16) in base 9?
-247
What is 120660 (base 7) in base 6?
245333
8 (base 15) to base 5
13
What is 303 (base 9) in base 7?
501
-a1a1 (base 11) to base 14
-4d14
What is 35027 (base 8) in base 9?
22353
-104bf (base 16) to base 14
-1a47d
Convert 57 (base 15) to base 16.
52
-1332 (base 10) to base 3
-1211100
Convert -3863 (base 10) to base 9.
-5262
Convert -20ec (base 16) to base 11.
-6372
Convert 727 (base 11) to base 9.
1173
32022 (base 4) to base 8
1612
What is -11759 (base 14) in base 4?
-22121303
1100110 (base 4) to base 15
17ca
10022121 (base 3) to base 16
973
What is -1402 (base 6) in base 12?
-262
Convert 371 (base 13) to base 10.
599
-341 (base 12) to base 16
-1e1
Convert 13343 (base 6) to base 13.
c3c
Convert -13820 (base 11) to base 5.
-1111444
Convert 512 (base 6) to base 7.
356
What is -123 (base 15) in base 7?
-516
-656 (base 13) to base 11
-8a7
885 (base 9) to base 14
39b
5695 (base 12) to base 6
112305
367e (base 15) to base 11
8790
What is 123 (base 13) in base 10?
198
What is 373 (base 15) in base 8?
1417
What is 676 (base 9) in base 8?
1053
What is 5100 (base 6) in base 12?
790
What is -243 (base 13) in base 12?
-289
Convert 518 (base 13) to base 10.
866
What is 233032 (base 4) in base 8?
5716
What is 10110101100001 (base 2) in base 5?
332432
-154215 (base 7) to base 11
-20840
What is 60063 (base 10) in base 13?
21453
What is -1301 (base 7) in base 5?
-3431
What is -200200002 (base 3) in base 8?
-32452
-13a6 (base 11) to base 15
-80a
Convert -100122122 (base 3) to base 4.
-1231331
-14 (base 14) to base 9
-20
-16401 (base 7) to base 11
-3553
-5070 (base 9) to base 11
-2871
What is 3a7 (base 15) in base 12?
594
-452 (base 8) to base 14
-174
What is 14830 (base 9) in base 8?
23650
What is -10213 (base 9) in base 12?
-3a93
-304124 (base 6) to base 9
-36227
What is -681 (base 9) in base 14?
-2bd
What is 11a8 (base 14) in base 5?
44323
What is 1021110 (base 3) in base 12?
656
69 (base 16) to base 13
81
What is 2073 (base 10) in base 8?
4031
Convert -2101100 (base 3) to base 4.
-123021
-5252 (base 13) to base 4
-2301332
Convert 2662 (base 13) to base 14.
2000
-19a9 (base 15) to base 9
-7556
What is -170c (base 16) in base 7?
-23126
Convert -b96a (base 13) to base 9.
-38320
What is 520 (base 8) in base 9?
413
Convert -1848 (base 10) to base 3.
-2112110
What is 232 (base 7) in base 8?
171
1383 (base 10) to base 13
825
What is 1101212 (base 3) in base 6?
4422
-18386 (base 9) to base 10
-12714
Convert -52146 (base 8) to base 13.
-9ab0
-22020211 (base 3) to base 2
-1011110000000
What is -31001 (base 5) in base 4?
-133101
Convert 10010100111011 (base 2) to base 10.
9531
Convert -13152 (base 8) to base 4.
-1121222
-a41f (base 16) to base 13
-1617c
What is 109 (base 15) in base 4?
3222
Convert -575 (base 9) to base 14.
-25b
4608 (base 13) to base 3
111110100
What is -10111111100001 (base 2) in base 13?
-576b
What is 1221101 (base 4) in base 2?
1101001010001
-142e3 (base 15) to base 12
-315b0
567 (base 10) to base 11
476
-bb1b (base 12) to base 4
-11002013
What is 8412 (base 9) in base 10?
6167
What is 10400 (base 7) in base 15?
b82
117 (base 12) to base 10
163
-6206 (base 7) to base 14
-b06
What is -10000001010000 (base 2) in base 11?
-6240
-441 (base 9) to base 4
-11221
What is 332551 (base 7) in base 4?
32103133
-3000313 (base 4) to base 6
-133051
Convert 63277 (base 8) to base 7.
136454
-1311 (base 4) to base 7
-225
What is -d0a (base 16) in base 3?
-11120122
-1033 (base 5) to base 8
-217
What is -259 (base 16) in base 15?
-2a1
What is -176554 (base 8) in base 15?
-14351
-1988 (base 14) to base 12
-2818
What is 454 (base 9) in base 7?
1042
What is 13621 (base 7) in base 3?
12010111
What is -5577 (base 8) in base 16?
-b7f
What is -1201011022 (base 3) in base 7?
-200051
-1250 (base 6) to base 12
-226
What is 626 (base 9) in base 2?
111111110
What is 24 (base 7) in base 3?
200
42142 (base 5) to base 16
aed
Convert 22010 (base 5) to base 8.
2741
Convert -1661 (base 7) to base 4.
-22220
What is 105 (base 7) in base 10?
54
What is -100100010000100 (base 2) in base 7?
-105060
What is -1122023 (base 4) in base 